et c(n) be the third derivative of -1/60*n**5 + 0*n + 14*n**2 + 0 + 0*n**3 + 1/6*n**4. Give c(p).
0
Let u = 153 + -217. Let q = -58 - u. Let d(s) = 14 - 9 - 3*s**3 + 2*s**2 + 4*s**2 + 2*s**3 + q*s. Give d(7).
-2
Let k(s) = s**2 + 3*s. Let c(u) = -u. Let p be c(-5). Suppose p*j - 3*j = 18. Suppose -3*l - j = -4*b, 3*l + 5 = 5*b - 4. Calculate k(l).
0
Let l(d) = 2*d + 46. Suppose -w - 78 = 2*w - 9. Calculate l(w).
0
Let m(r) = 66*r**3 - 4*r**2 - 4*r - 9. Let x(p) = -7*p**3 + p**2 + p + 2. Let n(w) = m(w) + 4*x(w). Give n(-1).
-39
Let q(s) = -s**2 + 15*s - 340661 + 681461 - 340583. Calculate q(-9).
1
Let t(h) = -h**3 + 3*h**2 - 6*h + 9. Let l(u) = 5*u**3 - 13*u**2 + 30*u - 47. Let f(x) = -2*l(x) - 11*t(x). Let i be 5/2 - 21/(-6). Calculate f(i).
-5
Let g(h) = h**2 + h - 2. Suppose -54 = n - 72. Suppose 6*i = -0 + n. What is g(i)?
10
Let g(c) = 29 - 3*c - 4*c**2 - 19*c**2 + 143*c**3 - 144*c**3 + 12*c**2. Determine g(-10).
-41
Let z(x) = -6*x + 6. Suppose 163 + 17 = -18*l. Calculate z(l).
66
Let r(j) = 5*j**2 + 9*j - 8. Let u(g) = 4*g**2 + 8*g - 7. Let q(x) = -6*r(x) + 7*u(x). Let b be (-3)/18*-4*(-2 - -14). Let t = b - 6. Calculate q(t).
-5
Let g be -2 - (18/(-27) + (-3)/9). Let f(w) = 24*w + 17. What is f(g)?
-7
Let p be 180/(-300)*20/(-36). Let q(o) be the first derivative of 5/2*o**2 - p*o**3 + 0*o - 1. Calculate q(5).
0
Let w(f) = 2731 - 695*f - 2970 + 691*f. Give w(-49).
-43
Suppose -d + 3 = -0. Let o(s) be the first derivative of -s**2/2 + 3*s - 6049. Calculate o(d).
0
Suppose 3*g = -4*d - 15, -209*g = -207*g - 3*d + 10. Let x(q) = -q + 1. Let c(a) = 3*a + 8. Let b(n) = -c(n) + 2*x(n). What is b(g)?
19
Let r be 4*22 - (-68)/17. Let z = r + -89. Let v(i) = -i - 4. What is v(z)?
-7
Let m be (-12)/8*-2 + 47. Suppose 8*g = 13*g - m. Let a(n) = -9*n - 2*n - g + 6*n + 4*n. Calculate a(-7).
-3
Let b(i) = -i**2 + 5*i + 3. Suppose 15*u = 230 + 430. Let t = 51 - u. Calculate b(t).
-11
Let p(m) be the second derivative of m**5/30 - m**4/24 + m**3/2 + 100*m**2 + 228*m. Let k(b) be the first derivative of p(b). Calculate k(3).
18
Let q = 127 - 60. Suppose -j = -2*a - q - 0, 2*j - 3*a = 139. Let s = 81 - j. Let l(f) = f**2 - 3*f - 4. Give l(s).
0
Suppose 0 = -67*y - 1215 - 259. Let t(z) = z**3 + 21*z**2 - 23*z - 22. Calculate t(y).
0
Let y(q) = -26*q - 1. Let n = 72 + 39. Let m = n - 112. Give y(m).
25
Suppose 0 = 3*b - 8*b + 40. Let k(j) be the third derivative of j**4/8 - 11*j**3/6 + 4*j**2 + 177. Give k(b).
13
Let z(g) = -1 - 2 + 803*g + 800*g + 41*g**3 - 1606*g. What is z(-1)?
-41
Let l(p) = 5*p + 1928 + 1940 - 3807. Calculate l(-10).
11
Let f(k) = k**2 + 10*k - 14. Let p be (-4 + 2)/(3*(-3)/18). Let s(y) = 4*y - 27. Let r be s(p). What is f(r)?
-3
Let z(t) = t**3 - 3*t**2 - 3*t + 2. Let q(n) = -5*n + 27. Let g be q(-5). Let l = 52 - g. Suppose 4*w = -l*w + 8. Calculate z(w).
-8
Let j(b) = b**2 + 13*b + 2. Suppose 0 = 5*s + y - 0*y - 793, 310 = 2*s + 4*y. Let v = s - 170. Give j(v).
-20
Let s(m) = 6*m + 3. Suppose -587 = 9*n + 1213. Let r = n + 196. What is s(r)?
-21
Let s(o) be the second derivative of -o**6/360 - o**5/40 + o**4/8 - 15*o**3/2 - o + 8. Let i(a) be the second derivative of s(a). What is i(-4)?
-1
Let l(s) = -s**3 - 7*s**2 + 13*s + 20. Let w be l(-8). Let k be (-2)/w*4 - (-14)/(-35). Let u(o) = o**2 - 5. Calculate u(k).
-5
Let d(f) = 5*f**2 + 12*f + 15. Let m be (-4)/6 + 20/(-15). Let i(n) = -12*n**2 - 23*n - 30. Let v(b) = m*i(b) - 5*d(b). Calculate v(-11).
18
Let h(f) = 4*f**2 + f**2 - f**3 - 3*f - 1 - 2. Suppose 101*c - 227 - 27 = 49. Determine h(c).
6
Suppose 0 = 14714*p - 14711*p - 3*h - 15, 5*p + 4*h = -56. Let c(g) be the first derivative of g**3/3 + g**2/2 - 5*g - 1. Calculate c(p).
7
Let f(i) = 2*i**2 - 6*i - 5. Let v be 6/(-8) + (-2145)/(-156). Let p be 5/1 + (13 - v). What is f(p)?
15
Suppose -c - 5*r - 33 = -0*c, 4*c - 5*r = -7. Let g = -2 - c. Let s(p) = p**2 + 2 - 8*p + 21*p - 21*p + 3*p. Calculate s(g).
8
Let h(n) = -25*n + 115. Let c be 7/(175/(-10))*-10. What is h(c)?
15
Let l(f) = 335 - 746 + 404 - 5*f. Give l(4).
-27
Let m(a) = a**3 - 2*a**2 - 2. Let j(w) = -w**2 + w - 7. Let c(g) = g - 6. Let z be c(6). Let o be j(z). Let u be ((-21)/(-9))/o*-6. Determine m(u).
-2
Let z(t) = 2*t**2 + 9*t - 13. Suppose -8*m - 39 = l, 0 = l + 3*m - 43 + 62. Give z(l).
22
Let j = 4 + -8. Let a be ((-24)/(-20))/((16/(-10))/(-4)). Let u(r) = -a*r - 4*r**2 + 2 - r**2 + 4*r**2 - 6. Calculate u(j).
-8
Let n(u) = -u**2 - u - 2. Let c(t) = -t**2 + 2*t - 1. Let v be c(0). Let b be ((-4)/(-3) + v)*(3 - 3). Suppose b = 3*p + 27 - 21. What is n(p)?
-4
Let x(c) = c**2 - 3*c - 9. Let o(z) = z**2 - 12*z + 40. Let g be o(7). Let l be x(g). Let m(r) = 10*r**3 - r**2. Calculate m(l).
9
Suppose 3*d = -r - 7, -2*r + 6*d - 2*d + 6 = 0. Suppose 3*n = -3, -2*p + 7*p + 4*n - 6 = 0. Let c(j) = 3*j - 6*j + 6*j**2 + 0 + p*j - 1. What is c(r)?
6
Suppose -b = 5, -4*b - 112 = -3*w - 41. Suppose -20*d - 21 = -w*d. Let s(v) = -v**3 - 6*v**2 + 7*v - 5. Determine s(d).
-5
Let h = -17 + 20. Suppose -r = -p - 7, 3*p = -0 + h. Let d(v) = 2*v**2 + 10*v + 2. Let j(q) = 5*q**2 + 21*q + 3. Let u(a) = 7*d(a) - 3*j(a). Calculate u(r).
-3
Let p(t) be the first derivative of -3*t**2/2 - 3*t - 1. Suppose 49*y = 2*z + 53*y + 48, 2*z - 3*y = 22. Determine p(z).
9
Let r(x) = x**3 + 6*x**2 + 3*x - 3. Let l(t) = -7 + 2*t**3 - 6*t**2 + 16*t**2 + 2 + t**2 + 4*t. Let f(z) = -3*l(z) + 5*r(z). Determine f(-4).
4
Let o(c) = -c**2 + 7*c + 6. Suppose -4*r + 3 = -r, 0 = g - 2*r - 65. Let t = 76 - g. Give o(t).
-12
Let d(o) = 197 + 3*o - 386 + 197. Determine d(-4).
-4
Let y(w) = w**3 - 4*w**2 + w - 7. Let n = 2813 - 2808. Give y(n).
23
Let h = 15186 + -15193. Let j(p) = -26*p - 194. Determine j(h).
-12
Let f(k) = 7*k**2 - 15*k + 3. Let u(x) = -11*x**2 + 23*x - 4. Let d(j) = -8*f(j) - 5*u(j). Suppose 5*c + h = 3*h + 19, 4*c - 3*h - 18 = 0. Calculate d(c).
2
Let o(l) = 71*l + 31. Let n be o(10). Suppose 0 = 739*z - n*z - 4. Let j(c) = c**3 + 3*c**2 + 4*c + 5. Give j(z).
1
Let w(n) = 7*n + 8. Suppose 10*r = -6*r + 112. Let k(s) = -10*s - 11. Let d(x) = r*w(x) + 5*k(x). Let j = -12 + 5. Determine d(j).
8
Let h(y) be the third derivative of y**6/60 + y**5/60 - 7*y**4/24 - 3*y**3/2 + 1473*y**2. Determine h(-2).
-7
Let p(d) = -d**2 + 14*d - 2. Suppose 9*l - 304 = 13*l. Let h be l/(-6) - (-8 - 52/(-6)). What is p(h)?
22
Suppose -82*i + 98*i - 80 = 0. Suppose -2*g = 2*g, -i*g = 5*f - 20. Let x(d) = -d**2 + 2*d + 5. What is x(f)?
-3
Let b(y) be the third derivative of 3*y**4/8 + y**3/3 - 172*y**2 - 10. Give b(-7).
-61
Suppose 0 = -5*j - 106 + 91. Let h(g) = -g**3 + 2*g + 2. Let k(n) = -2*n**2 + n - 1. Let z(a) = j*k(a) + h(a). What is z(5)?
25
Let h be (1 + -1)/6 + (-4 - -48). Let m(r) = -53*r**3 + 10*r**2 + h*r + 52*r**3 - 31*r - 15. Give m(11).
7
Let h(g) = g**2 - 38*g - 62. Let f(p) = -7*p**2 + 229*p + 367. Let l(q) = -2*f(q) - 13*h(q). Give l(-34).
4
Suppose 96*y - 87*y - 18 = 0. Let i(p) = -y*p + p + 7*p - 10. Give i(4).
14
Let x(t) = -13*t**3 + 6*t**2 - 15*t + 19. Let y(n) = -31*n**3 + 15*n**2 - 37*n + 46. Let q(z) = 12*x(z) - 5*y(z). Determine q(-5).
23
Let k(l) = -14*l**2 + 4*l + 143. Let u(f) = 14*f**2 - 3*f - 95. Let i(h) = -2*k(h) - 3*u(h). What is i(1)?
-14
Let x(d) = d**3 + 13*d**2 + 10*d + 19. Let t(o) = -271*o - 5704. Let v be t(-21). What is x(v)?
-111
Let s = -5786 - -5793. Let g(r) = r**3 - 8*r**2 + 4*r + 16. Give g(s).
-5
Let v = -3 + 6. Let d(i) = -4 + 12*i**2 + i**v + 5*i**2 - 6*i**2 - 8*i + 17*i. Give d(-10).
6
Let i(o) = -o**2 + 40*o + 1565. Let t be i(-24). Let p(x) = x**2 - 22*x - 205. Calculate p(t).
-2
Let t(z) be the first derivative of -z**4/4 + 7*z**3/3 - z**2/2 - 17*z + 2413. Calculate t(7).
-24
Let g(a) be the second derivative of -a**5/20 - a**4/24 - a**3/3 + 5*a**2 - 8*a - 5. Let d(r) be the second derivative of g(r). Calculate d(-1).
5
Let c = 6800 + -6807. Let p(r) = 3*r**2 + 19*r - 16. Calculate p(c).
-2
Let l(n) = -n**2 - 8*n - 11. Let d be (-9)/((-14)/((-280)/30)). What is l(d)?
1
Let d(f) be the second derivative of f**6/120 - f**5/60 + f**4/24 - 5*f**3/3 + 91*f**2 + 141*f. Let u(w) be the first derivative of d(w). Determine u(0).
-10
Let b(k) = -6*k**3 + k. Suppose 3*d + 12 = -3*h, 0*h - 4*d = h + 13. Calculate b(h).
5
Let m(g) be the first derivative of 184 -